tor of 110690940 and 15.
15
What is the highest common divisor of 169 and 18772?
13
What is the greatest common factor of 2240 and 6592?
64
Calculate the greatest common divisor of 9636684 and 444.
12
What is the greatest common divisor of 1287050 and 12010?
10
What is the highest common divisor of 14256 and 671264?
176
Calculate the greatest common divisor of 1816721 and 701111.
907
Calculate the greatest common factor of 28 and 112934654.
14
Calculate the highest common factor of 4167989 and 637.
49
What is the highest common factor of 272248 and 384?
8
Calculate the greatest common divisor of 31335 and 23235.
15
Calculate the highest common factor of 46688 and 1682227.
1459
What is the greatest common divisor of 6958 and 1123504?
142
Calculate the highest common factor of 5035005 and 511065.
1845
What is the highest common divisor of 9616 and 666509?
601
What is the greatest common factor of 26679715 and 510?
85
What is the greatest common factor of 124711 and 81403?
401
What is the greatest common divisor of 126 and 2918923?
7
Calculate the highest common factor of 37885185 and 270.
135
What is the highest common factor of 1647 and 19028523?
183
What is the highest common divisor of 1870 and 114990?
10
What is the greatest common divisor of 1450 and 354206?
58
Calculate the highest common divisor of 1538315 and 5744.
359
Calculate the greatest common divisor of 11096 and 33984712.
584
What is the highest common factor of 1078 and 594517?
539
What is the greatest common factor of 406 and 8750344?
58
Calculate the greatest common factor of 4445363 and 39.
13
What is the highest common divisor of 5916207 and 2867?
61
What is the greatest common divisor of 4875 and 74541?
3
Calculate the greatest common factor of 459084 and 109813.
67
What is the highest common factor of 90080775 and 150?
75
What is the greatest common factor of 48785 and 51315?
55
What is the greatest common divisor of 145895275 and 850?
425
What is the greatest common divisor of 233712 and 1088?
16
Calculate the highest common factor of 550652493 and 87.
87
What is the greatest common factor of 4248 and 463464?
72
Calculate the greatest common factor of 53534609 and 551.
551
Calculate the greatest common factor of 650 and 43405.
5
What is the highest common divisor of 262175 and 2125?
25
What is the greatest common factor of 1042608 and 67280?
464
What is the greatest common divisor of 6024698 and 425?
17
Calculate the greatest common factor of 21023 and 16.
1
Calculate the greatest common divisor of 812 and 949536.
28
What is the highest common divisor of 222523338 and 8430?
1686
Calculate the highest common divisor of 4906782 and 1818.
1818
Calculate the highest common divisor of 9126 and 9305010.
702
What is the greatest common divisor of 24383949 and 279?
93
Calculate the highest common divisor of 2188727 and 2.
1
Calculate the highest common divisor of 7 and 314637.
1
What is the highest common factor of 8545 and 22565?
5
What is the greatest common factor of 713 and 8139639?
31
Calculate the highest common divisor of 66384 and 905865.
1383
Calculate the highest common factor of 1050 and 9349998.
42
Calculate the greatest common factor of 145 and 72712483.
29
Calculate the highest common factor of 510 and 1594158.
102
Calculate the greatest common divisor of 380 and 360415788.
76
What is the greatest common divisor of 154560 and 6881280?
6720
Calculate the greatest common divisor of 2520480 and 60888.
1416
What is the highest common factor of 1751 and 2933809?
17
What is the highest common factor of 165 and 3800535?
15
What is the highest common divisor of 327 and 9903631?
109
What is the highest common divisor of 249 and 2930398?
83
Calculate the highest common factor of 18828322 and 16805.
3361
What is the greatest common divisor of 1779 and 2085087624?
1779
What is the highest common divisor of 566022448 and 592?
592
Calculate the greatest common factor of 9725975 and 161665.
5215
What is the highest common factor of 104619454 and 738?
82
Calculate the highest common divisor of 14 and 48303948.
14
Calculate the highest common factor of 68665181 and 65.
13
What is the greatest common factor of 160 and 4345540?
20
Calculate the greatest common factor of 169793 and 97428.
353
Calculate the highest common divisor of 2677389 and 4503.
237
What is the highest common factor of 49470 and 9203069?
1649
What is the greatest common factor of 28662009 and 366?
183
Calculate the greatest common factor of 265 and 10795040.
265
Calculate the highest common divisor of 851 and 31514047.
37
Calculate the highest common factor of 2169 and 3037082.
241
What is the highest common divisor of 15935459 and 449?
449
What is the highest common factor of 264 and 1332021?
3
What is the greatest common divisor of 3 and 5594037?
3
Calculate the greatest common divisor of 4965252 and 35520.
444
What is the greatest common divisor of 462404547 and 22?
11
What is the greatest common divisor of 170098310 and 200?
10
Calculate the greatest common factor of 18 and 21888531.
9
Calculate the greatest common divisor of 2560830 and 120.
30
Calculate the highest common factor of 854 and 80524270.
122
What is the highest common factor of 80 and 15242830?
10
Calculate the greatest common factor of 252024 and 4776.
24
What is the highest common divisor of 11 and 656859742?
11
Calculate the greatest common factor of 58426 and 11266.
262
Calculate the greatest common factor of 109 and 25908755.
109
What is the greatest common divisor of 3 and 5570241?
3
Calculate the highest common divisor of 15696 and 1060352.
1744
What is the highest common factor of 199956 and 1440048?
228
What is the greatest common factor of 82195629 and 1518?
69
What is the greatest common divisor of 5100 and 4413440?
20
What is the greatest common divisor of 3120 and 11115260?
260
Calculate the highest common factor of 1130987 and 7318701.
9347
Calculate the greatest common factor of 165543840 and 45.
45
Calculate the highest common divisor of 8953594 and 11186.
1598
Calculate the highest common factor of 19765 and 41005.
295
What is the highest common divisor of 1504 and 626228?
188
Calculate the greatest common divisor of 53360 and 198536.
184
Calculate the greatest common factor of 120507723 and 189.
189
What is the highest common factor of 341 and 383383913?
341
What is the greatest common factor of 9810470 and 20470?
890
Calculate the greatest common factor of 6744 and 98653480.
2248
Calculate the highest common divisor of 320 and 352280.
40
Calculate the highest common divisor of 1009617279 and 3054.
1527
Calculate the highest common divisor of 108801195 and 60.
15
What is the greatest common divisor of 48 and 14297064?
24
Calculate the highest common divisor of 3656342 and 7810468.
5926
Calculate the highest common divisor of 33574756 and 12512.
92
Calculate the highest common divisor of 5885 and 2306755.
55
What is the highest common divisor of 5241570 and 41490?
13830
What is the highest common factor of 25 and 14798215?
5
Calculate the highest common factor of 176385171 and 411.
411
What is the highest common factor of 9213 and 52443467?
3071
What is the greatest common factor of 1104 and 290926632?
552
Calculate the highest common divisor of 31436 and 12066004.
1084
What is the highest common divisor of 33096 and 982968?
168
What is the highest common divisor of 37654 and 33500?
134
Calculate the highest common divisor of 460515 and 719895.
165
What is the greatest common factor of 70006016 and 1811?
1811
Calculate the highest common divisor of 160 and 1795720.
40
Calculate the highest common divisor of 141 and 2730242220.
141
What is the highest common factor of 61906661 and 74?
37
What is the greatest common factor of 22 and 31229?
11
What is the greatest common divisor of 21823 and 1543938?
157
Calculate the greatest common factor of 336179 and 12349.
53
Calculate the greatest common divisor of 1364130096 and 1213.
1213
Calculate the highest common divisor of 5510 and 127590.
10
What is the highest common factor of 621 and 11151458?
23
Calculate the highest common divisor of 700 and 15450575.
175
What is the greatest common factor of 47168 and 224986?
134
What is the highest common factor of 2257 and 575191936?
2257
Wha